(base 6) to base 12.
3b6
Convert -8368 (base 11) to base 12.
-64b9
Convert -52a5 (base 12) to base 10.
-9053
What is -3335 (base 8) in base 4?
-123131
What is 33f (base 16) in base 6?
3503
What is -1132 (base 9) in base 2?
-1101000111
6453 (base 8) to base 13
16c4
4021 (base 11) to base 12
3117
What is 122211 (base 3) in base 2?
111100001
-476 (base 9) to base 16
-189
500 (base 8) to base 7
635
What is -343 (base 8) in base 13?
-146
-13522 (base 6) to base 8
-4132
Convert 71a7 (base 13) to base 16.
3d45
Convert -22966 (base 10) to base 11.
-16289
50 (base 14) to base 7
130
-2177 (base 8) to base 3
-1120122
-1020002 (base 3) to base 4
-31331
What is -650d (base 16) in base 5?
-1311434
Convert -71a9 (base 12) to base 3.
-121222010
51dd (base 16) to base 7
115046
Convert -200010 (base 3) to base 6.
-2133
What is -610 (base 9) in base 5?
-3440
What is 11214 (base 5) in base 16?
329
Convert -3b82 (base 16) to base 15.
-47a9
Convert 320130 (base 4) to base 12.
2110
-162043 (base 7) to base 3
-1121210121
-9311 (base 10) to base 11
-6aa5
-17410 (base 8) to base 15
-2549
What is 60531 (base 7) in base 4?
3211101
430 (base 13) to base 11
5a0
What is -39930 (base 11) in base 14?
-16ad2
What is -24023 (base 9) in base 6?
-202203
301 (base 8) to base 14
db
What is 2b9 (base 13) in base 12?
34a
5580 (base 12) to base 8
22360
Convert 433 (base 10) to base 12.
301
101230 (base 5) to base 8
6363
-1326 (base 12) to base 4
-202032
What is -417 (base 11) in base 2?
-111110110
3458 (base 11) to base 16
11bc
-31 (base 9) to base 12
-24
-242334 (base 5) to base 8
-21606
-156 (base 15) to base 8
-462
What is 1528 (base 9) in base 13?
6b3
43201 (base 5) to base 16
b6e
1d5 (base 16) to base 10
469
-35011 (base 7) to base 3
-110020121
What is -2922 (base 11) in base 8?
-7277
What is 2020100 (base 3) in base 4?
121131
Convert -198 (base 10) to base 9.
-240
Convert 28759 (base 11) to base 6.
513025
1011211 (base 3) to base 15
3c4
What is -417 (base 9) in base 5?
-2330
-28c (base 13) to base 3
-121211
Convert 1111222 (base 3) to base 2.
10001010010
What is -369 (base 13) in base 11?
-4a0
Convert 215644 (base 7) to base 6.
452104
2342 (base 5) to base 13
209
938 (base 14) to base 4
130112
What is 23103 (base 6) in base 4?
303033
Convert -6704 (base 8) to base 4.
-313010
What is 6187 (base 12) in base 7?
42643
Convert 310231 (base 5) to base 8.
23522
What is 47b (base 14) in base 8?
1575
-1001001101 (base 2) to base 13
-364
Convert 265 (base 15) to base 10.
545
-10c (base 16) to base 4
-10030
What is 15123 (base 10) in base 12?
8903
What is -96a (base 13) in base 6?
-11241
What is -392 (base 11) in base 7?
-1232
-3423 (base 16) to base 4
-3100203
Convert -530 (base 13) to base 2.
-1101110100
Convert -101000 (base 3) to base 14.
-154
Convert -45380 (base 9) to base 3.
-1112102200
Convert 1002121 (base 3) to base 15.
384
What is 1010100011111 (base 2) in base 6?
41011
277 (base 16) to base 7
1561
-82710 (base 9) to base 12
-27676
-33211 (base 4) to base 2
-1111100101
What is -1333 (base 7) in base 8?
-1002
Convert -1313 (base 5) to base 13.
-130
What is 37951 (base 10) in base 3?
1221001121
a6 (base 13) to base 9
161
What is -12241 (base 9) in base 8?
-20032
-1e8 (base 15) to base 10
-443
-28457 (base 9) to base 2
-100101110000010
20020001 (base 3) to base 15
1527
What is 33331 (base 4) in base 14?
52d
Convert 153c7 (base 14) to base 2.
1100111010100011
What is 10100111100 (base 2) in base 14?
6ba
Convert 1011000010111111 (base 2) to base 12.
22227
What is -1122012 (base 3) in base 5?
-14233
-218 (base 10) to base 7
-431
What is -2031400 (base 5) in base 10?
-33350
321420 (base 5) to base 3
112220020
Convert 190 (base 10) to base 2.
10111110
Convert -21573 (base 9) to base 3.
-201122110
What is 1181 (base 11) in base 3?
2010002
What is 1b9d (base 14) in base 13?
23a8
Convert 235131 (base 6) to base 12.
baa7
-32b (base 12) to base 10
-467
What is -1110001100 (base 2) in base 5?
-12113
-7e0 (base 16) to base 2
-11111100000
What is -655 (base 10) in base 8?
-1217
Convert 135 (base 15) to base 4.
10103
Convert 255 (base 11) to base 6.
1222
Convert -240 (base 7) to base 16.
-7e
What is -2992 (base 10) in base 5?
-43432
120210100 (base 3) to base 6
125143
122221 (base 4) to base 14
89b
What is -312 (base 5) in base 10?
-82
Convert 111001110001 (base 2) to base 5.
104242
Convert 104 (base 15) to base 2.
11100101
-110100101101 (base 2) to base 16
-d2d
447 (base 9) to base 3
111121
What is 307 (base 14) in base 10?
595
2ba (base 15) to base 11
519
204320 (base 5) to base 2
1101010110011
Convert 10110202111 (base 3) to base 7.
403162
303000 (base 4) to base 16
cc0
What is -23616 (base 7) in base 2?
-1011111111010
-450 (base 10) to base 2
-111000010
What is -2120100 (base 3) in base 6?
-12400
What is -486 (base 9) in base 11?
-336
Convert -2056 (base 9) to base 15.
-6a9
-401351 (base 6) to base 16
-7ae3
2131 (base 4) to base 3
12211
-21046 (base 9) to base 8
-33105
-2301 (base 7) to base 12
-596
Convert 2022120 (base 3) to base 11.
12a6
1213 (base 6) to base 9
360
-100100001001 (base 2) to base 16
-909
What is -8738 (base 12) in base 16?
-3a1c
351 (base 9) to base 13
193
What is -1111000001000100 (base 2) in base 9?
-103332
24d (base 15) to base 13
313
-d7 (base 14) to base 15
-c9
9d2 (base 15) to base 14
b4a
Convert -197 (base 14) to base 5.
-2304
Convert 242 (base 10) to base 9.
288
What is -1576 (base 12) in base 15?
-b43
What is -40043 (base 8) in base 14?
-5dab
122002 (base 5) to base 12
2817
What is -1c7c (base 16) in base 7?
-30155
-6559 (base 10) to base 7
-25060
What is -210110 (base 3) in base 15?
-289
Convert -11100001001001 (base 2) to base 6.
-150413
What is 5d21 (base 15) in base 14?
7327
-3a2 (base 11) to base 7
-1246
Convert 4244 (base 10) to base 5.
113434
What is -4214 (base 11) in base 5?
-134311
-b197 (base 15) to base 3
-1220102121
What is 651 (base 9) in base 6?
2244
What is -2474 (base 11) in base 10?
-3227
-4709 (base 12) to base 5
-223204
-34a (base 11) to base 9
-513
What is 550132 (base 6) in base 7?
246260
What is -32c (base 16) in base 5?
-11222
-101011100010 (base 2) to base 3
-10211012
Convert -1367 (base 16) to base 12.
-2a5b
4252 (base 6) to base 5
12333
-60 (base 11) to base 15
-46
Convert -105555 (base 6) to base 4.
-2031233
What is -a391 (base 11) in base 10?
-13773
What is 8c2b (base 16) in base 7?
206421
Convert -5431 (base 13) to base 12.
-6931
What is 6e4 (base 16) in base 14?
900
What is 1240 (base 8) in base 12?
480
Convert 1376 (base 15) to base 11.
3143
What is 4558 (base 9) in base 13?
16c7
What is -1b054 (base 12) in base 4?
-21232000
What is -653 (base 12) in base 11?
-773
Convert 211110 (base 3) to base 2.
1001011110
23631 (base 7) to base 16
1803
What is 13013 (base 4) in base 14?
247
What is 101111000010 (base 2) in base 11?
2297
10000120 (base 3) to base 10
2202
What is 2070 (base 8) in base 9?
1430
2000221220 (base 3) to base 16
9c81
166 (base 14) to base 2
100011110
Convert 252 (base 16) to base 9.
730
4b6 (base 13) to base 15
3a0
What is 2331303 (base 4) in base 8?
27563
What is -55421 (base 6) in base 11?
-5886
-20330333 (base 4) to base 10
-36671
What is 198 (base 14) in base 11?
280
Convert 1006 (base 7) to base 11.
298
-20111030 (base 4) to base 2
-1000010101001100
-1012002111 (base 3) to base 15
-6dea
Convert -11122000 (base 3) to base 16.
-d2f
Convert -341 (base 5) to base 8.
-140
b8 (base 15) to base 10
173
Convert 543 (base 9) to base 14.
23a
-141748 (base 9) to base 2
-10101001001101001
Convert 10000001000111 (base 2) to base 4.
2001013
-114201 (base 7) to base 15
-61d9
Convert 10240404 (base 5) to base 4.
111033003
Convert 489 (base 13) to base 16.
315
Convert 1370 (base 9) to base 11.
861
264 (base 9) to base 5
1340
Convert 1132325 (base 6) to base 15.
126a2
-7088 (base 11) to base 13
-4391
Convert -1111010110010 (base 2) to base 9.
-11701
-1233220 (base 4) to base 5
-212034
a0 (base 16) to base 3
12221
What is 2301 (base 8) in base 12?
855
-1345 (base 12) to base 16
-8a5
630 (base 8) to base 9
503
What is -42254 (base 8) in base 10?
-17580
What is -a85 (base 13) in base 16?
-707
What is 56715 (base 8) in base 14?
8a73
Convert 2aa (base 13) to base 7.
1252
What is 15622 (base 9) in base 12?
6248
What is 4001 (base 5) i